 Let v be p(4). Let m = v + -10. Is m composite?
True
Let m(z) = -24*z**2 - 2*z + 2. Let f be m(2). Is f/(-8)*2*2 a prime number?
False
Suppose h - 5 = -0. Suppose -h*w = -2693 + 18. Is w prime?
False
Suppose z = 697 + 429. Is z prime?
False
Is -1 - -514 - (4 + -4 + 4) a prime number?
True
Suppose -2*x + 0*l - 2*l = 8, 3*x - 5*l = 28. Suppose -b - x = 1. Is ((-130)/6)/(b/6) prime?
False
Let t = -16 - -20. Suppose 36 = t*j - 4*y, -4*y + 37 + 4 = 3*j. Is j a prime number?
True
Let k = -63 - 114. Is k/(-9)*3 - 4 a composite number?
True
Let r be (54 + 1)/(1/1). Suppose 7*u - r = 2*u. Is u a prime number?
True
Let m(t) = t**2 + 8*t + 4. Let p be m(-8). Suppose -4*b = -0*f - 5*f - 243, 0 = p*b - 3*f - 253. Is b composite?
False
Suppose 2*s + 1118 = 4*s. Suppose 234 = 2*g - w, -5*g + 0*w = 4*w - s. Is g prime?
False
Is (-272)/(-3) - (-5)/15 a prime number?
False
Let f(p) = -3*p**3 - 3*p**2 - 2*p + 2. Let d be f(-2). Suppose -10 = 5*s - 0, 4*s = -x + d. Is x a prime number?
False
Suppose 14*w - 3208 = 6*w. Is w a prime number?
True
Let f be (-2)/4 + 14/4. Suppose -2*l - 627 = -5*i, 0 = -f*i + 3*l - 0*l + 369. Is i a prime number?
True
Let l = 5317 + -2498. Is l a prime number?
True
Suppose 1945 = 3*f - 6386. Is f a prime number?
True
Let n(a) = a**2 + 2*a + 127. Let s(z) = z**3 + 11*z**2 - 11*z + 12. Let h be s(-12). Is n(h) prime?
True
Suppose 3*p = -2229 + 7308. Is p composite?
False
Let x be (-1)/(-2) + 12/(-8). Let w = x + 8. Suppose 2*v = 37 + w. Is v prime?
False
Let f be 22 - (0 - -2 - 5). Suppose 68 + f = 3*p. Is p prime?
True
Suppose 28 = 4*y - 12. Is ((-11)/1)/((-5)/y) a composite number?
True
Let i(o) = 49*o**2. Suppose -2*a - 1 - 1 = 0. Is i(a) a composite number?
True
Let y = -352 + 905. Is y a prime number?
False
Suppose 6*b - 531 = 3*b. Is b a prime number?
False
Let s(g) = -152*g**2 + g - 1. Let t be s(1). Let y = t - -283. Is y a prime number?
True
Let v(f) = 5*f**3 + f**2 + f - 4. Let a(b) = -6*b**3 - 2*b**2 - 2*b + 5. Let x(j) = 4*a(j) + 5*v(j). Suppose -2*u + 1 - 3 = 4*w, -u = -4*w - 17. Is x(u) prime?
False
Let t(o) = -o**2 + 22*o - 65. Is t(10) composite?
True
Let i = -1 - -1. Suppose i = -4*d - 180 + 640. Is d a composite number?
True
Let r(l) = -2*l**3 - 2*l**2 + 3*l - 7. Suppose t + 2 = -2. Is r(t) composite?
True
Let h(b) = 2*b**3 + 2*b**2 - b + 2. Let r be h(-2). Let y be 66/15 + r/10. Suppose y*f + 3*d - 30 = 65, 5*f = -4*d + 118. Is f prime?
False
Let d be (-2 - (7 + 2)) + -3. Is (7/d)/((-1)/170) composite?
True
Suppose -5*g - 2*l = -5, -2*g + g + 2*l + 1 = 0. Let b = -23 - -40. Is -1 + (b + g - -2) composite?
False
Suppose 0 = 3*j - 402 - 18. Suppose 7*o = 3*o + j. Is o composite?
True
Suppose -2*q - 6 = 4*h - 4*q, -3*q + 9 = -4*h. Suppose -2*s = i - 26, 2*s + i + i - 24 = h. Is s a composite number?
True
Let i(n) = -35*n**3 - n**2 - 5*n - 13. Is i(-4) prime?
False
Suppose 0 = k + 2*k + 2*j - 627, 2*j = k - 217. Is k a prime number?
True
Suppose -i = -3898 - 1399. Is i composite?
False
Suppose -5*f = 2*j - 46, -3*j + 13 = 3*f - 11. Suppose -f*i = -12*i + 4. Is i composite?
False
Suppose 990 + 574 = 4*d. Is d composite?
True
Let b be -2*2/8*-6. Let g = b - -8. Is g a prime number?
True
Suppose 5*t - 889 = -3*n, -5*n + n + 5*t + 1197 = 0. Is n/3*54/36 prime?
True
Let p(r) = 3*r**2 + 6*r + 5. Suppose 4*w - 15 = -0*w + m, -15 = -2*w - m. Let z be p(w). Suppose -2*n + 5*n = -3*s + 90, 5*n - z = 5*s. Is n prime?
False
Suppose 0 = 2*k - 3*i - 2*i - 2, 0 = 5*k - i - 5. Let j = k - 0. Is ((-1)/(-2))/(j/98) a composite number?
True
Let u = 26 + -92. Is (138/(-18))/(2/u) composite?
True
Let r(z) = z - 1. Suppose 3*p - 13 = -j, -6 - 6 = -4*p. Is r(j) prime?
True
Let l be 1 + (17 - (-1 + 1)). Suppose p + 4*b - l = 0, 3 = -4*p + b - 2*b. Is -2 + (-1 + -29)/p a prime number?
True
Let y(a) be the first derivative of 128*a**3/3 - a - 1. Is y(-1) composite?
False
Let a(r) = -26*r + 1. Is a(-15) a prime number?
False
Let p be (72/(-32))/(6/(-176)). Let r = 227 + p. Is r a prime number?
True
Let j(a) = 2*a - 2. Let n be j(3). Suppose 0 = -z + n*z. Suppose -5*w + q + 20 = -4*w, z = -w - 4*q + 35. Is w prime?
True
Suppose -19*y - 987 = -22*y. Is y a composite number?
True
Is (-218)/3*(-18)/4 composite?
True
Suppose -o + 9 = 2*o. Suppose -978 - 2129 = 4*u - 5*g, -u = -o*g + 768. Is (-2)/(-5) - u/5 prime?
True
Let l(i) = -i**3 - 5*i**2 - i. Let b be l(-5). Let d(z) = 46*z - 7. Is d(b) composite?
False
Let w = 96 - -69. Suppose 0 = -2*b - h + w, h + 335 = 4*b - 2*h. Is b a prime number?
True
Let l be 372/18 - 1/(-3). Suppose -5 = s + 5*v - l, 5*s - 3*v - 24 = 0. Let u(m) = -m**3 + 10*m**2 - 10*m + 9. Is u(s) a composite number?
True
Let h be (4/6)/(11/33). Suppose v - 158 = -h*b + 5, -3*b = -5*v + 776. Is v composite?
False
Let m be 1 - (-4 + 3) - 1. Let z = m + -1. Suppose z*d + 46 = d. Is d prime?
False
Let b(w) = 22*w**2 + w - 1. Let j be 2*(2 - 3)/(-2). Is b(j) composite?
True
Let i = 2 + 3. Suppose i*u - 207 = 2*u. Is u a prime number?
False
Let g be (-4 + 1)*8/(-6). Let y be 298/g*(1 - -1). Is y + 1/2*0 prime?
True
Suppose -s - 5*b = -2*b - 791, 5*s - 3*b = 3883. Is s a composite number?
True
Let z = -221 - -438. Is z a composite number?
True
Let j(l) = 0*l**2 + 1 - 5 + l**2. Is j(9) composite?
True
Let a(k) = -49*k**2 + 24*k - 5. Let i(u) = 16*u**2 - 8*u + 2. Let g(t) = -3*a(t) - 8*i(t). Is g(6) a prime number?
False
Let d(w) = w + 4. Let q be d(-4). Suppose 367 + 17 = 4*n + 2*y, 16 = -4*y. Suppose -2*h - 2*x + n = q, -x + 171 = 3*h + 30. Is h a composite number?
True
Suppose -1245 = 5*n - 8*n + 3*s, -5*n = 2*s - 2061. Is n a prime number?
False
Let s(y) = 3*y - 1. Let n be s(3). Suppose -5*g - u = -0 - n, -5*g = 2*u - 11. Is 3/(-3)*g + 14 a prime number?
True
Let r(s) = -s**2 - 5 - s**3 - 3*s**3 + 2*s - 4*s + 3*s**3. Is r(-4) a composite number?
True
Let d = -635 + 1692. Is d prime?
False
Let m = -262 - -436. Suppose -w + m = -0*w + 5*g, 5*w + 5*g = 950. Is w a composite number?
True
Let j(d) = d**3 + 18*d**2 + 7*d + 8. Let y be j(-18). Let b = 383 + y. Is b a prime number?
False
Suppose 372 - 1338 = -6*n. Is n a composite number?
True
Let l = -11698 + 18047. Is l composite?
True
Let y(w) be the third derivative of w**5/30 + w**4/4 - 5*w**3/6 + 3*w**2. Is y(-5) composite?
True
Is (-7*(-7)/147)/(2/7836) prime?
False
Let h be 10/3*84/10. Suppose -h = o - 2*o. Let b = 51 - o. Is b a composite number?
False
Let n = 0 + -1. Let p(o) = 5*o + 1. Let l be p(1). Is (n + 20/l)*9 prime?
False
Suppose -5*m + 0*n = n - 4, -4*m = 5*n + 1. Let l be (-6222)/(-36) - m/(-6). Suppose 0 = 5*y - 4*y - 4*q - 49, 5*y = -4*q + l. Is y composite?
False
Suppose -41 = -w - 0*w. Suppose -4*n + 43 = -w. Suppose -t - 2 = -n. Is t a prime number?
True
Let g(a) = 14*a**3 + a**2 + 2. Is g(3) composite?
False
Let l be ((-5)/10)/(1/6). Is ((-280)/6 - 3)*l a prime number?
True
Let k = -3 + 9. Suppose 0 = -5*l + 3*l + k. Suppose -149 - 118 = -l*z. Is z prime?
True
Let i(v) = -56*v**3 - 6*v**2 - 3*v + 4. Is i(-3) a prime number?
True
Let d be 1/(-5) + 19704/20. Suppose 3*b - d - 1406 = 0. Is b a prime number?
True
Let l = 17 + -7. Suppose 2*f - l = 12. Is f composite?
False
Let n = 474 + -181. Is n prime?
True
Suppose 3*t + 5*l + 19 = 0, 2*l + 10 - 4 = -2*t. Let i = -2 - t. Is i/(-10) + 13/5 prime?
True
Suppose 3*t = -t + 4. Let n = t - -5. Suppose 0 = -3*v - 5*u + 119, -v + 39 = -5*u + n. Is v prime?
False
Let m = 33 - 12. Let n = m - 15. Is n a composite number?
True
Is (6 - 5)*(-2 - -141) a prime number?
True
Let n(k) = -21*k**3 + 7*k**2 + 11*k + 2. Let a(h) = 10*h**3 - 4*h**2 - 6*h - 1. Let o = 5 + 1. Let u(p) = o*n(p) + 11*a(p). Is u(-1) a prime number?
False
Suppose -20 = 4*l, l = s - l - 11. Suppose 0 = 3*u + 3*d - 5*d + 14, -d + 8 = -2*u. Is ((-83)/2)/(s/u) prime?
True
Let d(z) = -4*z - 1. Let n be d(-1). Suppose -78 = -n*s + 4*f, s + 2*s - 78 = -5*f. Is s a composite number?
True
Suppose d - 3*q - 24 = -3*d, 0 = -q. Let y(g) = g**2 + 4*g - 9. Let i be y(d). Let o = i + -14. Is o composite?
False
Let q be 82*1*4/8. Let v = -21 + q. Is 323/5 - (-8)/v a prime number?
False
Let s = 2 + -1. Let n be 3/(-2)*28/(-21). Let v = n + s. Is v prime?
True
Is ((-1)/(-4)*-17)/(2/(-2648)) a composite number?
True
Let s(i) = 6*i**2 + 9*i + 7. Is s(-8) prime?
False
Let z(n) = 8*